prime factors of 426533540.
2, 5, 769, 27733
List the prime factors of 66042955.
5, 11, 19, 63199
List the prime factors of 40823904.
2, 3, 11, 67, 577
What are the prime factors of 4336112628?
2, 3, 23, 197, 8861
What are the prime factors of 43921574?
2, 17, 107, 12073
List the prime factors of 977447931.
3, 157, 2075261
List the prime factors of 3876794906.
2, 47, 3923, 10513
List the prime factors of 129692101.
7, 11, 23, 67, 1093
List the prime factors of 30482318.
2, 73, 281, 743
What are the prime factors of 24988284?
2, 3, 61, 3793
What are the prime factors of 897501729?
3, 3329, 89867
List the prime factors of 58228997.
307, 189671
What are the prime factors of 72466390?
2, 5, 2677, 2707
List the prime factors of 74186148.
2, 3, 6182179
What are the prime factors of 1325282270?
2, 5, 13, 10194479
What are the prime factors of 9577509097?
13, 23, 32031803
What are the prime factors of 1616009510?
2, 5, 161600951
What are the prime factors of 116730126?
2, 3, 17, 127157
What are the prime factors of 5469520373?
167, 199, 164581
What are the prime factors of 349491649?
13, 26883973
What are the prime factors of 1387232526?
2, 3, 293, 789097
What are the prime factors of 5059202429?
23, 239, 920357
What are the prime factors of 202852127?
31, 6543617
What are the prime factors of 1340101334?
2, 11, 13, 4685669
What are the prime factors of 80119046?
2, 7, 89, 64301
What are the prime factors of 1049067302?
2, 43, 2671, 4567
List the prime factors of 160152065.
5, 29, 109, 10133
List the prime factors of 2571085019.
2571085019
List the prime factors of 1549559320.
2, 5, 29, 73, 631
What are the prime factors of 413018718?
2, 3, 7, 53, 185543
What are the prime factors of 1343784442?
2, 7, 11, 13, 83, 8087
What are the prime factors of 8662521?
3, 7, 41, 10061
What are the prime factors of 775013059?
19, 373, 109357
List the prime factors of 600030.
2, 3, 5, 59, 113
List the prime factors of 56379680.
2, 5, 7, 71, 709
What are the prime factors of 10341697?
23, 59, 7621
List the prime factors of 901648174.
2, 7, 97, 157, 4229
What are the prime factors of 825226370?
2, 5, 239, 487, 709
What are the prime factors of 93126567?
3, 2269, 13681
List the prime factors of 450868148.
2, 73, 761, 2029
List the prime factors of 82943199.
3, 9215911
List the prime factors of 989297003.
83, 467, 25523
List the prime factors of 131355373.
131355373
List the prime factors of 682042599.
3, 7, 97, 12401
List the prime factors of 81429812.
2, 20357453
List the prime factors of 7619356779.
3, 739, 1831, 1877
List the prime factors of 905766587.
11, 31, 2656207
What are the prime factors of 63825978?
2, 3, 19, 559877
List the prime factors of 189799134.
2, 3, 7, 181, 24967
List the prime factors of 275876693.
275876693
What are the prime factors of 201072998?
2, 7, 14362357
What are the prime factors of 336041322?
2, 3, 6203, 9029
What are the prime factors of 253624857?
3, 31, 2727149
List the prime factors of 1217844664.
2, 23, 2333, 2837
List the prime factors of 140245979.
47, 2983957
List the prime factors of 3529026860.
2, 5, 101, 1747043
List the prime factors of 422376300.
2, 3, 5, 29, 16183
List the prime factors of 57994175.
5, 19, 83, 1471
List the prime factors of 5447353.
5447353
What are the prime factors of 131625398?
2, 619, 106321
List the prime factors of 3017261044.
2, 7, 311, 49499
List the prime factors of 193914408.
2, 3, 8079767
What are the prime factors of 13343179?
79, 168901
List the prime factors of 490975519.
61, 8048779
List the prime factors of 785491330.
2, 5, 13, 31, 194911
What are the prime factors of 2169956248?
2, 613, 442487
List the prime factors of 81477252.
2, 3, 251473
What are the prime factors of 49546349?
49546349
List the prime factors of 34586675.
5, 37, 139, 269
List the prime factors of 12012832.
2, 13, 67, 431
List the prime factors of 2220190729.
29, 587, 130423
List the prime factors of 422114343.
3, 7, 29, 693127
List the prime factors of 82106057.
11, 7464187
List the prime factors of 672898016.
2, 7, 1301, 2309
What are the prime factors of 604054723?
71, 617, 13789
List the prime factors of 66205526.
2, 33102763
What are the prime factors of 345973200?
2, 3, 5, 229, 1259
What are the prime factors of 6207964?
2, 7, 221713
What are the prime factors of 35512015?
5, 7, 11, 13177
What are the prime factors of 3093640215?
3, 5, 11719, 17599
What are the prime factors of 104914405?
5, 20982881
What are the prime factors of 7160396464?
2, 13, 17, 43, 47093
What are the prime factors of 649887907?
349, 389, 4787
What are the prime factors of 643230354?
2, 3, 13, 1039, 7937
List the prime factors of 2061586874.
2, 1697, 607421
What are the prime factors of 97947784?
2, 11, 1113043
What are the prime factors of 752086463?
379, 1984397
List the prime factors of 629779168.
2, 19, 373, 2777
What are the prime factors of 69079122?
2, 3, 7, 26107
List the prime factors of 4431182965.
5, 11, 80566963
What are the prime factors of 1082300121?
3, 7, 17, 23, 53, 829
List the prime factors of 812075286.
2, 3, 11, 79, 14159
List the prime factors of 405083303.
2069, 195787
What are the prime factors of 178887788?
2, 97, 461051
List the prime factors of 82457274.
2, 3, 359, 38281
What are the prime factors of 24503305?
5, 1601, 3061
List the prime factors of 295573339.
17, 263, 66109
List the prime factors of 235347556.
2, 58836889
What are the prime factors of 25425451?
25425451
List the prime factors of 1121720779.
53, 103, 3877
List the prime factors of 899138757.
3, 11, 27246629
List the prime factors of 2454554834.
2, 1227277417
What are the prime factors of 209509010?
2, 5, 19, 1102679
List the prime factors of 54118734.
2, 3, 9019789
List the prime factors of 17608568.
2, 29, 71, 1069
List the prime factors of 2536620667.
7, 797, 454673
List the prime factors of 1675023117.
3, 1987, 280997
What are the prime factors of 43074131?
89, 113, 4283
List the prime factors of 217947218.
2, 23, 431, 10993
What are the prime factors of 5430541?
5430541
What are the prime factors of 177202804?
2, 61, 691, 1051
List the prime factors of 507346005.
3, 5, 569, 59443
What are the prime factors of 492455265?
3, 5, 4493, 7307
What are the prime factors of 58931169?
3, 11, 1785793
What are the prime factors of 30354242?
2, 29, 523349
List the prime factors of 3148310348.
2, 401, 1962787
What are the prime factors of 2989671393?
3, 29, 34364039
What are the prime factors of 179177460?
2, 3, 5, 7, 11, 38783
What are the prime factors of 141942962?
2, 7, 17, 596399
List the prime factors of 1029689691.
3, 23, 14923039
List the prime factors of 26314282.
2, 509, 25849
List the prime factors of 136785407.
11, 1543, 8059
What are the prime factors of 89496?
2, 3, 11, 113
What are the prime factors of 94837586?
2, 37, 101, 12689
What are the prime factors of 8940188569?
13, 113, 6085901
List the prime factors of 70224855.
3, 5, 19, 246403
List the prime factors of 412006365.
3, 5, 53, 89, 647
What are the prime factors of 31228209?
3, 809, 4289
What are the prime factors of 1832697115?
5, 61, 109, 55127
List the prime factors of 5548850491.
5548850491
List the prime factors of 1185310545.
3, 5, 79020703
What are the prime factors of 84540757?
7, 12077251
List the prime factors of 1582588755.
3, 5, 11, 19, 191, 881
List the prime factors of 736159700.
2, 5, 7361597
List the prime factors of 29318632.
2, 7, 479, 1093
List the prime factors of 248736678.
2, 3, 41456113
What are the prime factors of 178660857?
3, 19, 73, 42937
What are the prime factors of 1852587906?
2, 3, 13, 2243, 10589
List the prime factors of 1726593620.
2, 5, 43, 71, 28277
What are the prime factors of 148833562?
2, 74416781
List the prime factors of 164630578.
2, 7, 11759327
List the prime factors of 72500031.
3, 97, 83047
What are the prime factors of 249352151?
249352151
What are the prime factors of 68593006?
2, 1873, 18311
List the prime factors of 34615890.
2, 3, 5, 41, 53, 59
What are the prime factors of 1199634709?
7, 13, 1883257
What are the prime factors of 52194634?
2, 19, 1373543
List the prime factors of 381908200.
2, 5, 347, 5503
What are the prime factors of 8959073275?
5, 23, 751, 20747
What are the prime factors of 449798398?
2, 7, 571, 56267
What a